{"id":115,"date":"2021-04-03T18:32:12","date_gmt":"2021-04-03T18:32:12","guid":{"rendered":"https:\/\/ipsmedicsaludsabana.com\/web\/services\/"},"modified":"2021-04-04T00:31:44","modified_gmt":"2021-04-04T00:31:44","slug":"servicios","status":"publish","type":"page","link":"https:\/\/ipsmedicsaludsabana.com\/web\/servicios\/","title":{"rendered":"Servicios"},"content":{"rendered":"<div class=\"wpb-content-wrapper\"><p>[vc_row rsclass=\u00bbclean\u00bb][vc_column rsclass=\u00bbclean\u00bb el_class=\u00bbcontainer\u00bb][vc_custom_heading text=\u00bbNuestros ex\u00e1menes son coordinados minuciosamente para garantizar el ingreso del empleado en buenas condiciones de salud mediante la realizaci\u00f3n de un examen amplio de toda la informaci\u00f3n m\u00e9dica y fisiol\u00f3gica.\u00bb font_container=\u00bbtag:p|text_align:center\u00bb use_theme_fonts=\u00bbyes\u00bb rs_decor_place=\u00bb1&#8243; rsouter=\u00bbtext-center mb-5 tt_pt_34&#8243;][\/vc_custom_heading][\/vc_column][\/vc_row][vc_row rsclass=\u00bbclean\u00bb el_class=\u00bbrow col-equalH\u00bb][vc_column width=\u00bb1\/3&#8243; rsclass=\u00bbclean\u00bb el_class=\u00bbcol-md-6 col-lg-4&#8243; rsinner=\u00bbservice-card\u00bb][vc_single_image image=\u00bb1891&#8243; img_size=\u00bbfull\u00bb rsclass=\u00bbclean\u00bb el_class=\u00bbservice-card-photo\u00bb rs_image_class=\u00bbimg-fluid\u00bb][\/vc_single_image][vc_custom_heading text=\u00bbOptometr\u00eda\u00bb font_container=\u00bbtag:h5|text_align:left\u00bb use_theme_fonts=\u00bbyes\u00bb rs_decor_place=\u00bb2&#8243; el_class=\u00bbservice-card-name\u00bb link=\u00bbtitle:Optometr%C3%ADa|target:_blank\u00bb]<\/p>\n<div class=\"h-decor\"><\/div>\n<p>[\/vc_custom_heading][vc_column_text rsclass=\u00bbclean\u00bb]Consiste en determinar si el estado visual refractivo del trabajador es \u00f3ptimo y est\u00e1 acorde con los requerimientos visuales del puesto de trabajo y dar un diagn\u00f3stico preciso oportuno de la condici\u00f3n visual del trabajador e indicar una conducta apropiada a seguir en cada caso.<\/p>\n<ul class=\"circle-list\">\n<li><svg class=\"icon icon-check-mark-1\" version=\"1.1\" xmlns=\"http:\/\/www.w3.org\/2000\/svg\" width=\"32\" height=\"32\" viewBox=\"0 0 32 32\"><path d=\"M14.485 26.841c-1.451 1.451-3.805 1.451-5.255 0l-8.142-8.142c-1.451-1.45-1.451-3.804 0-5.254s3.804-1.451 5.255 0l4.851 4.85c0.366 0.366 0.961 0.366 1.328 0l13.135-13.135c1.45-1.451 3.804-1.451 5.255 0 0.697 0.697 1.088 1.642 1.088 2.627s-0.391 1.93-1.088 2.627l-16.427 16.427z\"><\/path><\/svg>Defectos de refracci\u00f3n<\/li>\n<li><svg class=\"icon icon-check-mark-1\" version=\"1.1\" xmlns=\"http:\/\/www.w3.org\/2000\/svg\" width=\"32\" height=\"32\" viewBox=\"0 0 32 32\"><path d=\"M14.485 26.841c-1.451 1.451-3.805 1.451-5.255 0l-8.142-8.142c-1.451-1.45-1.451-3.804 0-5.254s3.804-1.451 5.255 0l4.851 4.85c0.366 0.366 0.961 0.366 1.328 0l13.135-13.135c1.45-1.451 3.804-1.451 5.255 0 0.697 0.697 1.088 1.642 1.088 2.627s-0.391 1.93-1.088 2.627l-16.427 16.427z\"><\/path><\/svg>Miop\u00eda<\/li>\n<li><svg class=\"icon icon-check-mark-1\" version=\"1.1\" xmlns=\"http:\/\/www.w3.org\/2000\/svg\" width=\"32\" height=\"32\" viewBox=\"0 0 32 32\"><path d=\"M14.485 26.841c-1.451 1.451-3.805 1.451-5.255 0l-8.142-8.142c-1.451-1.45-1.451-3.804 0-5.254s3.804-1.451 5.255 0l4.851 4.85c0.366 0.366 0.961 0.366 1.328 0l13.135-13.135c1.45-1.451 3.804-1.451 5.255 0 0.697 0.697 1.088 1.642 1.088 2.627s-0.391 1.93-1.088 2.627l-16.427 16.427z\"><\/path><\/svg>Hipermetrop\u00eda<\/li>\n<li><svg class=\"icon icon-check-mark-1\" version=\"1.1\" xmlns=\"http:\/\/www.w3.org\/2000\/svg\" width=\"32\" height=\"32\" viewBox=\"0 0 32 32\"><path d=\"M14.485 26.841c-1.451 1.451-3.805 1.451-5.255 0l-8.142-8.142c-1.451-1.45-1.451-3.804 0-5.254s3.804-1.451 5.255 0l4.851 4.85c0.366 0.366 0.961 0.366 1.328 0l13.135-13.135c1.45-1.451 3.804-1.451 5.255 0 0.697 0.697 1.088 1.642 1.088 2.627s-0.391 1.93-1.088 2.627l-16.427 16.427z\"><\/path><\/svg>Astigmatismo<\/li>\n<li><svg class=\"icon icon-check-mark-1\" version=\"1.1\" xmlns=\"http:\/\/www.w3.org\/2000\/svg\" width=\"32\" height=\"32\" viewBox=\"0 0 32 32\"><path d=\"M14.485 26.841c-1.451 1.451-3.805 1.451-5.255 0l-8.142-8.142c-1.451-1.45-1.451-3.804 0-5.254s3.804-1.451 5.255 0l4.851 4.85c0.366 0.366 0.961 0.366 1.328 0l13.135-13.135c1.45-1.451 3.804-1.451 5.255 0 0.697 0.697 1.088 1.642 1.088 2.627s-0.391 1.93-1.088 2.627l-16.427 16.427z\"><\/path><\/svg>Estere\u00f3psis<\/li>\n<li><svg class=\"icon icon-check-mark-1\" version=\"1.1\" xmlns=\"http:\/\/www.w3.org\/2000\/svg\" width=\"32\" height=\"32\" viewBox=\"0 0 32 32\"><path d=\"M14.485 26.841c-1.451 1.451-3.805 1.451-5.255 0l-8.142-8.142c-1.451-1.45-1.451-3.804 0-5.254s3.804-1.451 5.255 0l4.851 4.85c0.366 0.366 0.961 0.366 1.328 0l13.135-13.135c1.45-1.451 3.804-1.451 5.255 0 0.697 0.697 1.088 1.642 1.088 2.627s-0.391 1.93-1.088 2.627l-16.427 16.427z\"><\/path><\/svg>Presbicia<\/li>\n<\/ul>\n<p>Las empresas poseen cargos en los cuales la buena visi\u00f3n del empleado es vital, para funcionamiento de equipos y procesos, y para evitar posibles accidentes laborales[\/vc_column_text][\/vc_column][vc_column width=\u00bb1\/3&#8243; rsclass=\u00bbclean\u00bb rsinner=\u00bbservice-card\u00bb el_class=\u00bbcol-md-6 col-lg-4&#8243;][vc_single_image image=\u00bb1886&#8243; img_size=\u00bbfull\u00bb rsclass=\u00bbclean\u00bb el_class=\u00bbservice-card-photo\u00bb rs_image_class=\u00bbimg-fluid\u00bb][\/vc_single_image][vc_custom_heading text=\u00bbAudiometr\u00eda\u00bb font_container=\u00bbtag:h5|text_align:left\u00bb use_theme_fonts=\u00bbyes\u00bb rs_decor_place=\u00bb2&#8243; el_class=\u00bbservice-card-name\u00bb link=\u00bbtitle:Audiometr%C3%ADa%20|target:_blank\u00bb]<\/p>\n<div class=\"h-decor\"><\/div>\n<p>[\/vc_custom_heading][vc_column_text rsclass=\u00bbclean\u00bb]Consiste en identificar los factores de riesgo laboral y extralaboral a los que est\u00e1 expuesto el trabajador con el fin de formular recomendaciones generales de prevenci\u00f3n y control de los mismos.Detectamos el estado auditivo de los trabajadores por medio de la audiometr\u00eda tamiz, de esta podemos formular las recomendaciones y sugerencias seg\u00fan los resultados encontrados.[\/vc_column_text][\/vc_column][vc_column width=\u00bb1\/3&#8243; rsclass=\u00bbclean\u00bb rsinner=\u00bbservice-card\u00bb el_class=\u00bbcol-md-6 col-lg-4&#8243;][vc_single_image image=\u00bb1888&#8243; img_size=\u00bbfull\u00bb rsclass=\u00bbclean\u00bb el_class=\u00bbservice-card-photo\u00bb rs_image_class=\u00bbimg-fluid\u00bb][\/vc_single_image][vc_custom_heading text=\u00bbEspirometr\u00eda\u00bb font_container=\u00bbtag:h5|text_align:left\u00bb use_theme_fonts=\u00bbyes\u00bb rs_decor_place=\u00bb2&#8243; el_class=\u00bbservice-card-name\u00bb link=\u00bbtitle:Espirometr%C3%ADa|target:_blank\u00bb]<\/p>\n<div class=\"h-decor\"><\/div>\n<p>[\/vc_custom_heading][vc_column_text rsclass=\u00bbclean\u00bb]Eval\u00faa parcialmente la funci\u00f3n pulmonar para detectar posibles alteraciones, con el fin de tomar las medidas necesarias para prevenir las enfermedades bronco pulmonares ocupacionales, o evitar el agravamiento de las mismas.<\/p>\n<p>&nbsp;<\/p>\n<p>Es una prueba que mide la funci\u00f3n pulmonar, con ella se registra y a la vez se mide la cantidad de aire que entra y sale del organismo, su objetivo es disminuir la probabilidad de que se causen molestias, enfermedades o accidentes en el aparato respiratorio de los trabajadores detectando precozmente la alteraci\u00f3n a nivel de la funci\u00f3n pulmonar, para promover su funci\u00f3n y control.[\/vc_column_text][\/vc_column][vc_column width=\u00bb1\/3&#8243; rsclass=\u00bbclean\u00bb rsinner=\u00bbservice-card\u00bb el_class=\u00bbcol-md-6 col-lg-4&#8243;][vc_single_image image=\u00bb1887&#8243; img_size=\u00bbfull\u00bb rsclass=\u00bbclean\u00bb el_class=\u00bbservice-card-photo\u00bb rs_image_class=\u00bbimg-fluid\u00bb][\/vc_single_image][vc_custom_heading text=\u00bbElectrocardiograma\u00bb font_container=\u00bbtag:h5|text_align:left\u00bb use_theme_fonts=\u00bbyes\u00bb rs_decor_place=\u00bb2&#8243; el_class=\u00bbservice-card-name\u00bb link=\u00bbtitle:Electrocardiograma%20|target:_blank\u00bb]<\/p>\n<div class=\"h-decor\"><\/div>\n<p>[\/vc_custom_heading][vc_column_text rsclass=\u00bbclean\u00bb]El electrocardiograma (ECG) es un estudio de rutina que se realiza para observar la actividad el\u00e9ctrica del coraz\u00f3n.<\/p>\n<p>&nbsp;<\/p>\n<p>Con este estudio es posible averiguar m\u00e1s sobre el ritmo card\u00edaco, el tama\u00f1o y funcionamiento de las cavidades del coraz\u00f3n y el m\u00fasculo card\u00edaco. El electrocardiograma de una persona sana presenta un trazado particular. Cuando se producen cambios en ese trazado, el m\u00e9dico puede determinar si existe un problema.[\/vc_column_text][\/vc_column][vc_column width=\u00bb1\/3&#8243; rsclass=\u00bbclean\u00bb rsinner=\u00bbservice-card\u00bb el_class=\u00bbcol-md-6 col-lg-4&#8243;][vc_single_image image=\u00bb1890&#8243; img_size=\u00bbfull\u00bb rsclass=\u00bbclean\u00bb el_class=\u00bbservice-card-photo\u00bb rs_image_class=\u00bbimg-fluid\u00bb][\/vc_single_image][vc_custom_heading text=\u00bbMedicina Laboral\u00bb font_container=\u00bbtag:h5|text_align:left\u00bb use_theme_fonts=\u00bbyes\u00bb rs_decor_place=\u00bb2&#8243; el_class=\u00bbservice-card-name\u00bb link=\u00bbtitle:Medicina%20Laboral|target:_blank\u00bb]<\/p>\n<div class=\"h-decor\"><\/div>\n<p>[\/vc_custom_heading][vc_column_text rsclass=\u00bbclean\u00bb]Nuestro grupo de profesionales se dedica a la valoraci\u00f3n, prevenci\u00f3n y detecci\u00f3n de enfermedades de la actividad laboral mediante la realizaci\u00f3n de ex\u00e1menes f\u00edsicos, mentales y psicol\u00f3gicos.<\/p>\n<p>&nbsp;<\/p>\n<p>Contamos con varios a\u00f1os de experiencia en la realizaci\u00f3n de ex\u00e1menes para todo tipo de trabajo.<\/p>\n<p>&nbsp;<\/p>\n<p>Nuestros profesionales son especializados en medicina del trabajo; Adem\u00e1s, ofrecemos la cobertura geogr\u00e1fica en toda el \u00e1rea de la sabana norte de Cundinamarca para proporcionar a usted y a sus empleados la salud ocupacional de calidad que usted se merece.[\/vc_column_text][\/vc_column][vc_column width=\u00bb1\/3&#8243; rsclass=\u00bbclean\u00bb rsinner=\u00bbservice-card\u00bb el_class=\u00bbcol-md-6 col-lg-4&#8243;][vc_single_image image=\u00bb1893&#8243; img_size=\u00bbfull\u00bb rsclass=\u00bbclean\u00bb el_class=\u00bbservice-card-photo\u00bb rs_image_class=\u00bbimg-fluid\u00bb][\/vc_single_image][vc_custom_heading text=\u00bbToma de Muestras\u00bb font_container=\u00bbtag:h5|text_align:left\u00bb use_theme_fonts=\u00bbyes\u00bb rs_decor_place=\u00bb2&#8243; el_class=\u00bbservice-card-name\u00bb link=\u00bbtitle:Toma%20de%20Muestras|target:_blank\u00bb]<\/p>\n<div class=\"h-decor\"><\/div>\n<p>[\/vc_custom_heading][vc_column_text rsclass=\u00bbclean\u00bb]Al momento de contratar o retirar a un empleado, es necesario conocer \u00edntegramente la salud de este mediante los ex\u00e1menes pertinentes con el fin de generar los respectivos certificados y evitar problemas a los dem\u00e1s miembros de la empresa.<\/p>\n<ul class=\"circle-list\">\n<li><svg class=\"icon icon-check-mark-1\" version=\"1.1\" xmlns=\"http:\/\/www.w3.org\/2000\/svg\" width=\"32\" height=\"32\" viewBox=\"0 0 32 32\"><path d=\"M14.485 26.841c-1.451 1.451-3.805 1.451-5.255 0l-8.142-8.142c-1.451-1.45-1.451-3.804 0-5.254s3.804-1.451 5.255 0l4.851 4.85c0.366 0.366 0.961 0.366 1.328 0l13.135-13.135c1.45-1.451 3.804-1.451 5.255 0 0.697 0.697 1.088 1.642 1.088 2.627s-0.391 1.93-1.088 2.627l-16.427 16.427z\"><\/path><\/svg>Cuadro hem\u00e1tico<\/li>\n<li><svg class=\"icon icon-check-mark-1\" version=\"1.1\" xmlns=\"http:\/\/www.w3.org\/2000\/svg\" width=\"32\" height=\"32\" viewBox=\"0 0 32 32\"><path d=\"M14.485 26.841c-1.451 1.451-3.805 1.451-5.255 0l-8.142-8.142c-1.451-1.45-1.451-3.804 0-5.254s3.804-1.451 5.255 0l4.851 4.85c0.366 0.366 0.961 0.366 1.328 0l13.135-13.135c1.45-1.451 3.804-1.451 5.255 0 0.697 0.697 1.088 1.642 1.088 2.627s-0.391 1.93-1.088 2.627l-16.427 16.427z\"><\/path><\/svg>Perfil lip\u00eddico<\/li>\n<li><svg class=\"icon icon-check-mark-1\" version=\"1.1\" xmlns=\"http:\/\/www.w3.org\/2000\/svg\" width=\"32\" height=\"32\" viewBox=\"0 0 32 32\"><path d=\"M14.485 26.841c-1.451 1.451-3.805 1.451-5.255 0l-8.142-8.142c-1.451-1.45-1.451-3.804 0-5.254s3.804-1.451 5.255 0l4.851 4.85c0.366 0.366 0.961 0.366 1.328 0l13.135-13.135c1.45-1.451 3.804-1.451 5.255 0 0.697 0.697 1.088 1.642 1.088 2.627s-0.391 1.93-1.088 2.627l-16.427 16.427z\"><\/path><\/svg>Glicemia<\/li>\n<li><svg class=\"icon icon-check-mark-1\" version=\"1.1\" xmlns=\"http:\/\/www.w3.org\/2000\/svg\" width=\"32\" height=\"32\" viewBox=\"0 0 32 32\"><path d=\"M14.485 26.841c-1.451 1.451-3.805 1.451-5.255 0l-8.142-8.142c-1.451-1.45-1.451-3.804 0-5.254s3.804-1.451 5.255 0l4.851 4.85c0.366 0.366 0.961 0.366 1.328 0l13.135-13.135c1.45-1.451 3.804-1.451 5.255 0 0.697 0.697 1.088 1.642 1.088 2.627s-0.391 1.93-1.088 2.627l-16.427 16.427z\"><\/path><\/svg>Parcial de orina<\/li>\n<li><svg class=\"icon icon-check-mark-1\" version=\"1.1\" xmlns=\"http:\/\/www.w3.org\/2000\/svg\" width=\"32\" height=\"32\" viewBox=\"0 0 32 32\"><path d=\"M14.485 26.841c-1.451 1.451-3.805 1.451-5.255 0l-8.142-8.142c-1.451-1.45-1.451-3.804 0-5.254s3.804-1.451 5.255 0l4.851 4.85c0.366 0.366 0.961 0.366 1.328 0l13.135-13.135c1.45-1.451 3.804-1.451 5.255 0 0.697 0.697 1.088 1.642 1.088 2.627s-0.391 1.93-1.088 2.627l-16.427 16.427z\"><\/path><\/svg>Perfil renal<\/li>\n<li><svg class=\"icon icon-check-mark-1\" version=\"1.1\" xmlns=\"http:\/\/www.w3.org\/2000\/svg\" width=\"32\" height=\"32\" viewBox=\"0 0 32 32\"><path d=\"M14.485 26.841c-1.451 1.451-3.805 1.451-5.255 0l-8.142-8.142c-1.451-1.45-1.451-3.804 0-5.254s3.804-1.451 5.255 0l4.851 4.85c0.366 0.366 0.961 0.366 1.328 0l13.135-13.135c1.45-1.451 3.804-1.451 5.255 0 0.697 0.697 1.088 1.642 1.088 2.627s-0.391 1.93-1.088 2.627l-16.427 16.427z\"><\/path><\/svg>Perfil hep\u00e1tico<\/li>\n<li><svg class=\"icon icon-check-mark-1\" version=\"1.1\" xmlns=\"http:\/\/www.w3.org\/2000\/svg\" width=\"32\" height=\"32\" viewBox=\"0 0 32 32\"><path d=\"M14.485 26.841c-1.451 1.451-3.805 1.451-5.255 0l-8.142-8.142c-1.451-1.45-1.451-3.804 0-5.254s3.804-1.451 5.255 0l4.851 4.85c0.366 0.366 0.961 0.366 1.328 0l13.135-13.135c1.45-1.451 3.804-1.451 5.255 0 0.697 0.697 1.088 1.642 1.088 2.627s-0.391 1.93-1.088 2.627l-16.427 16.427z\"><\/path><\/svg>Perfil tiroideo<\/li>\n<\/ul>\n<p>&nbsp;<\/p>\n<ul class=\"circle-list\">\n<li><\/li>\n<\/ul>\n<p>[\/vc_column_text][\/vc_column][vc_column width=\u00bb1\/3&#8243; rsclass=\u00bbclean\u00bb rsinner=\u00bbservice-card\u00bb el_class=\u00bbcol-md-6 col-lg-4&#8243;][vc_single_image image=\u00bb1892&#8243; img_size=\u00bbfull\u00bb rsclass=\u00bbclean\u00bb el_class=\u00bbservice-card-photo\u00bb rs_image_class=\u00bbimg-fluid\u00bb][\/vc_single_image][vc_custom_heading text=\u00bbPsicologia Ocupacional\u00bb font_container=\u00bbtag:h5|text_align:left\u00bb use_theme_fonts=\u00bbyes\u00bb rs_decor_place=\u00bb2&#8243; el_class=\u00bbservice-card-name\u00bb link=\u00bbtitle:Psicologia%20Ocupacional%20|target:_blank\u00bb]<\/p>\n<div class=\"h-decor\"><\/div>\n<p>[\/vc_custom_heading][vc_column_text rsclass=\u00bbclean\u00bb]La psicolog\u00eda ocupacional es una disciplina que eval\u00faa los diferentes aspectos emocionales, cognitivos, psicol\u00f3gicos, entre otros; que influyen en el desempe\u00f1o laboral de las personas mediante evaluaciones que tienen como objetivo disminuir los riesgos asociados a su labor.<\/p>\n<ul class=\"circle-list\">\n<li><svg class=\"icon icon-check-mark-1\" version=\"1.1\" xmlns=\"http:\/\/www.w3.org\/2000\/svg\" width=\"32\" height=\"32\" viewBox=\"0 0 32 32\"><path d=\"M14.485 26.841c-1.451 1.451-3.805 1.451-5.255 0l-8.142-8.142c-1.451-1.45-1.451-3.804 0-5.254s3.804-1.451 5.255 0l4.851 4.85c0.366 0.366 0.961 0.366 1.328 0l13.135-13.135c1.45-1.451 3.804-1.451 5.255 0 0.697 0.697 1.088 1.642 1.088 2.627s-0.391 1.93-1.088 2.627l-16.427 16.427z\"><\/path><\/svg>Prueba psicosensom\u00e9trica para conductores.<\/li>\n<li><svg class=\"icon icon-check-mark-1\" version=\"1.1\" xmlns=\"http:\/\/www.w3.org\/2000\/svg\" width=\"32\" height=\"32\" viewBox=\"0 0 32 32\"><path d=\"M14.485 26.841c-1.451 1.451-3.805 1.451-5.255 0l-8.142-8.142c-1.451-1.45-1.451-3.804 0-5.254s3.804-1.451 5.255 0l4.851 4.85c0.366 0.366 0.961 0.366 1.328 0l13.135-13.135c1.45-1.451 3.804-1.451 5.255 0 0.697 0.697 1.088 1.642 1.088 2.627s-0.391 1.93-1.088 2.627l-16.427 16.427z\"><\/path><\/svg>Valoraci\u00f3n Psicolog\u00eda ocupacional.<\/li>\n<li><svg class=\"icon icon-check-mark-1\" version=\"1.1\" xmlns=\"http:\/\/www.w3.org\/2000\/svg\" width=\"32\" height=\"32\" viewBox=\"0 0 32 32\"><path d=\"M14.485 26.841c-1.451 1.451-3.805 1.451-5.255 0l-8.142-8.142c-1.451-1.45-1.451-3.804 0-5.254s3.804-1.451 5.255 0l4.851 4.85c0.366 0.366 0.961 0.366 1.328 0l13.135-13.135c1.45-1.451 3.804-1.451 5.255 0 0.697 0.697 1.088 1.642 1.088 2.627s-0.391 1.93-1.088 2.627l-16.427 16.427z\"><\/path><\/svg>Test Psicot\u00e9cnica para Conductores<\/li>\n<li><svg class=\"icon icon-check-mark-1\" version=\"1.1\" xmlns=\"http:\/\/www.w3.org\/2000\/svg\" width=\"32\" height=\"32\" viewBox=\"0 0 32 32\"><path d=\"M14.485 26.841c-1.451 1.451-3.805 1.451-5.255 0l-8.142-8.142c-1.451-1.45-1.451-3.804 0-5.254s3.804-1.451 5.255 0l4.851 4.85c0.366 0.366 0.961 0.366 1.328 0l13.135-13.135c1.45-1.451 3.804-1.451 5.255 0 0.697 0.697 1.088 1.642 1.088 2.627s-0.391 1.93-1.088 2.627l-16.427 16.427z\"><\/path><\/svg>Bater\u00eda de Riesgo psicosocial.<\/li>\n<li><svg class=\"icon icon-check-mark-1\" version=\"1.1\" xmlns=\"http:\/\/www.w3.org\/2000\/svg\" width=\"32\" height=\"32\" viewBox=\"0 0 32 32\"><path d=\"M14.485 26.841c-1.451 1.451-3.805 1.451-5.255 0l-8.142-8.142c-1.451-1.45-1.451-3.804 0-5.254s3.804-1.451 5.255 0l4.851 4.85c0.366 0.366 0.961 0.366 1.328 0l13.135-13.135c1.45-1.451 3.804-1.451 5.255 0 0.697 0.697 1.088 1.642 1.088 2.627s-0.391 1.93-1.088 2.627l-16.427 16.427z\"><\/path><\/svg>Test habilidades Cognitivas b\u00e1sicas para el trabajador.<\/li>\n<\/ul>\n<p>[\/vc_column_text][\/vc_column][vc_column width=\u00bb1\/3&#8243; rsclass=\u00bbclean\u00bb rsinner=\u00bbservice-card\u00bb el_class=\u00bbcol-md-6 col-lg-4&#8243;][vc_single_image image=\u00bb1889&#8243; img_size=\u00bbfull\u00bb rsclass=\u00bbclean\u00bb el_class=\u00bbservice-card-photo\u00bb rs_image_class=\u00bbimg-fluid\u00bb][\/vc_single_image][vc_custom_heading text=\u00bbEx\u00e1menes Adicionales\u00bb font_container=\u00bbtag:h5|text_align:left\u00bb use_theme_fonts=\u00bbyes\u00bb rs_decor_place=\u00bb2&#8243; el_class=\u00bbservice-card-name\u00bb link=\u00bbtitle:Ex%C3%A1menes%20Adicionales|target:_blank\u00bb]<\/p>\n<div class=\"h-decor\"><\/div>\n<p>[\/vc_custom_heading][vc_column_text rsclass=\u00bbclean\u00bb]<\/p>\n<p class=\"tt\">Nuestra empresa tiene convenios y alianzas estrat\u00e9gicas con otras entidades para realizar los ex\u00e1menes que se requieran y no est\u00e9n contemplados en nuestro portafolio.<\/p>\n<p>Tambi\u00e9n contamos con equipo profesional extramural para desplazarnos a su empresa de acuerdo a la necesidad.[\/vc_column_text][\/vc_column][\/vc_row]<\/p>\n<\/div>","protected":false},"excerpt":{"rendered":"<p>[vc_row rsclass=\u00bbclean\u00bb][vc_column rsclass=\u00bbclean\u00bb el_class=\u00bbcontainer\u00bb][vc_custom_heading text=\u00bbNuestros ex\u00e1menes son coordinados minuciosamente para garantizar el ingreso del empleado en buenas condiciones de salud mediante la realizaci\u00f3n de un examen amplio de toda la informaci\u00f3n m\u00e9dica y fisiol\u00f3gica.\u00bb font_container=\u00bbtag:p|text_align:center\u00bb use_theme_fonts=\u00bbyes\u00bb rs_decor_place=\u00bb1&#8243; rsouter=\u00bbtext-center mb-5 tt_pt_34&#8243;][\/vc_custom_heading][\/vc_column][\/vc_row][vc_row rsclass=\u00bbclean\u00bb el_class=\u00bbrow col-equalH\u00bb][vc_column width=\u00bb1\/3&#8243; rsclass=\u00bbclean\u00bb el_class=\u00bbcol-md-6 col-lg-4&#8243; rsinner=\u00bbservice-card\u00bb][vc_single_image image=\u00bb1891&#8243; img_size=\u00bbfull\u00bb rsclass=\u00bbclean\u00bb el_class=\u00bbservice-card-photo\u00bb rs_image_class=\u00bbimg-fluid\u00bb][\/vc_single_image][vc_custom_heading text=\u00bbOptometr\u00eda\u00bb font_container=\u00bbtag:h5|text_align:left\u00bb <\/p>\n<div class=\"btn-more-wrapper\"><a href=\"https:\/\/ipsmedicsaludsabana.com\/web\/servicios\/\" class=\"btn btn-sm btn-hover-fill\"><svg class=\"icon icon-right-arrow\" version=\"1.1\" xmlns=\"http:\/\/www.w3.org\/2000\/svg\" width=\"32\" height=\"32\" viewBox=\"0 0 32 32\"><path d=\"M21.548 5.088c-0.436-0.451-1.162-0.451-1.613 0-0.436 0.436-0.436 1.162 0 1.596l8.177 8.177h-26.984c-0.629 0.001-1.129 0.501-1.129 1.13s0.5 1.145 1.129 1.145h26.984l-8.177 8.162c-0.436 0.451-0.436 1.178 0 1.613 0.451 0.451 1.178 0.451 1.613 0l10.113-10.113c0.451-0.436 0.451-1.162 0-1.596l-10.113-10.114z\"><\/path><\/svg>Leer m\u00e1s<span class=\"screen-reader-text\"> \u00abServicios\u00bb<\/span><svg class=\"icon icon-right-arrow\" version=\"1.1\" xmlns=\"http:\/\/www.w3.org\/2000\/svg\" width=\"32\" height=\"32\" viewBox=\"0 0 32 32\"><path d=\"M21.548 5.088c-0.436-0.451-1.162-0.451-1.613 0-0.436 0.436-0.436 1.162 0 1.596l8.177 8.177h-26.984c-0.629 0.001-1.129 0.501-1.129 1.13s0.5 1.145 1.129 1.145h26.984l-8.177 8.162c-0.436 0.451-0.436 1.178 0 1.613 0.451 0.451 1.178 0.451 1.613 0l10.113-10.113c0.451-0.436 0.451-1.162 0-1.596l-10.113-10.114z\"><\/path><\/svg><\/a><\/div>\n","protected":false},"author":3,"featured_media":0,"parent":0,"menu_order":1,"comment_status":"closed","ping_status":"closed","template":"custompagett.php","meta":{"footnotes":""},"class_list":["post-115","page","type-page","status-publish","hentry"],"_links":{"self":[{"href":"https:\/\/ipsmedicsaludsabana.com\/web\/wp-json\/wp\/v2\/pages\/115","targetHints":{"allow":["GET"]}}],"collection":[{"href":"https:\/\/ipsmedicsaludsabana.com\/web\/wp-json\/wp\/v2\/pages"}],"about":[{"href":"https:\/\/ipsmedicsaludsabana.com\/web\/wp-json\/wp\/v2\/types\/page"}],"author":[{"embeddable":true,"href":"https:\/\/ipsmedicsaludsabana.com\/web\/wp-json\/wp\/v2\/users\/3"}],"replies":[{"embeddable":true,"href":"https:\/\/ipsmedicsaludsabana.com\/web\/wp-json\/wp\/v2\/comments?post=115"}],"version-history":[{"count":0,"href":"https:\/\/ipsmedicsaludsabana.com\/web\/wp-json\/wp\/v2\/pages\/115\/revisions"}],"wp:attachment":[{"href":"https:\/\/ipsmedicsaludsabana.com\/web\/wp-json\/wp\/v2\/media?parent=115"}],"curies":[{"name":"wp","href":"https:\/\/api.w.org\/{rel}","templated":true}]}}